onvert -15 (base 16) to base 2.
-10101
What is -7478 (base 15) in base 16?
-603e
What is -2c4e (base 16) in base 4?
-2301032
21122 (base 3) to base 14
10a
-22277 (base 8) to base 9
-13812
What is -41 (base 8) in base 15?
-23
1131 (base 7) to base 13
25b
What is -4353 (base 11) in base 13?
-27cc
What is 103a4 (base 11) in base 4?
3230032
What is 1c11 (base 16) in base 11?
5442
What is 10201003 (base 4) in base 8?
44103
-2049 (base 12) to base 16
-db9
Convert 10030 (base 4) to base 13.
178
-447 (base 13) to base 5
-10420
Convert -101201012 (base 3) to base 13.
-3728
What is 1530 (base 9) in base 7?
3246
Convert 112011 (base 3) to base 6.
1434
What is 1100011011100 (base 2) in base 6?
45244
What is -1152233 (base 6) in base 13?
-21c6c
What is -1136 (base 11) in base 13?
-8a9
Convert 7664 (base 15) to base 11.
17920
What is 566 (base 10) in base 4?
20312
Convert -405 (base 8) to base 6.
-1113
7673 (base 8) to base 5
112102
What is 215015 (base 6) in base 9?
26542
Convert 38703 (base 11) to base 5.
3233141
What is -56a6 (base 11) in base 14?
-2a37
Convert 2931 (base 13) to base 10.
5955
102220 (base 3) to base 5
2241
What is 206546 (base 8) in base 2?
10000110101100110
What is -505 (base 10) in base 5?
-4010
Convert -11269 (base 11) to base 12.
-9515
What is 158 (base 13) in base 9?
288
Convert -176 (base 14) to base 4.
-10230
Convert 410131 (base 5) to base 6.
140542
Convert -100e (base 16) to base 15.
-1340
146 (base 7) to base 8
123
Convert 14257 (base 9) to base 5.
302231
What is 240 (base 15) in base 3?
200220
What is -112231 (base 6) in base 10?
-9595
Convert -23023 (base 4) to base 12.
-4b7
-6a5 (base 11) to base 3
-1011011
16a39 (base 11) to base 16
5d47
Convert -8846 (base 15) to base 2.
-111000011000010
Convert 1882 (base 13) to base 8.
7107
Convert 11000011110 (base 2) to base 10.
1566
Convert 2121202 (base 4) to base 12.
582a
129a5 (base 11) to base 15
573c
What is 2144 (base 5) in base 16?
12b
Convert -11002 (base 3) to base 14.
-7c
Convert 11101010 (base 2) to base 10.
234
702 (base 11) to base 6
3533
What is -1011100010111 (base 2) in base 10?
-5911
What is -1370 (base 12) in base 4?
-203010
2111122012 (base 3) to base 6
1020135
Convert -153245 (base 6) to base 16.
-3a9d
-1253 (base 11) to base 5
-23011
What is -792 (base 11) in base 7?
-2523
Convert -8 (base 10) to base 13.
-8
100010122 (base 3) to base 10
6659
Convert -1010000110 (base 2) to base 3.
-212221
-224 (base 11) to base 2
-100001100
150130 (base 8) to base 14
1561a
What is 22022 (base 4) in base 3?
220002
Convert -70f5 (base 16) to base 4.
-13003311
-3517 (base 11) to base 7
-16313
What is 473 (base 11) in base 15?
279
Convert -10022022 (base 3) to base 9.
-3268
What is -11a3 (base 16) in base 6?
-32523
Convert -799b (base 14) to base 2.
-101001001110101
What is 21317 (base 8) in base 16?
22cf
Convert -123436 (base 7) to base 5.
-1212421
What is 1255 (base 9) in base 10?
941
594 (base 11) to base 15
323
Convert 212101 (base 3) to base 5.
10011
-10111101000 (base 2) to base 9
-2060
52b (base 12) to base 15
355
What is -5126 (base 9) in base 8?
-7246
What is -342320 (base 6) in base 14?
-a840
987 (base 10) to base 15
45c
What is -3732 (base 15) in base 13?
-5468
-64 (base 14) to base 9
-107
Convert -51 (base 14) to base 9.
-78
-2446 (base 9) to base 10
-1824
What is 2151 (base 6) in base 5?
3444
-cc1 (base 14) to base 3
-10110101
-1010222 (base 3) to base 4
-31010
Convert -2327 (base 11) to base 8.
-5756
Convert 1010101010010011 (base 2) to base 15.
ce12
Convert -222 (base 13) to base 14.
-1c2
Convert 6b72 (base 12) to base 2.
10111100000110
What is -14323 (base 6) in base 3?
-10010120
Convert 2031030 (base 4) to base 6.
105500
Convert 542 (base 10) to base 16.
21e
Convert -939 (base 12) to base 11.
-100a
What is -249 (base 12) in base 10?
-345
-747 (base 8) to base 10
-487
What is 2270 (base 14) in base 15?
1b88
785 (base 15) to base 12
b98
What is a1a0 (base 11) in base 4?
3103211
1100010111000011 (base 2) to base 7
300413
What is 1000101010101 (base 2) in base 13?
2034
What is 40633 (base 7) in base 15?
2e17
Convert 3234 (base 7) to base 2.
10010000000
Convert 101000100 (base 2) to base 4.
11010
-252652 (base 7) to base 13
-182c5
-617 (base 14) to base 16
-4ad
What is -11101 (base 5) in base 11?
-646
Convert 418 (base 9) to base 15.
17b
-20568 (base 9) to base 3
-200122022
2163 (base 13) to base 3
20101000
-38a (base 13) to base 14
-325
-247 (base 11) to base 10
-293
What is -1022202112 (base 3) in base 2?
-110010111010101
Convert 12227 (base 11) to base 16.
44a6
7356 (base 8) to base 11
2965
What is -1663 (base 8) in base 2?
-1110110011
What is 11301233 (base 4) in base 11?
16862
110000100111 (base 2) to base 5
44421
What is -93 (base 11) in base 10?
-102
Convert -20522 (base 11) to base 16.
-74d7
Convert -9698 (base 15) to base 5.
-2004433
What is 177a5 (base 11) in base 13?
b45c
What is -67 (base 10) in base 13?
-52
Convert ba4b (base 13) to base 16.
6540
Convert -442 (base 12) to base 6.
-2522
210101 (base 4) to base 11
1820
8566 (base 11) to base 14
41ad
25 (base 9) to base 3
212
What is 4364 (base 8) in base 14?
b9a
Convert -11102 (base 5) to base 14.
-3d7
-11111101110 (base 2) to base 10
-2030
642 (base 7) to base 4
11010
What is -636 (base 13) in base 6?
-4523
Convert -68b (base 15) to base 16.
-5c9
-6d36 (base 15) to base 9
-34766
What is 25523 (base 6) in base 9?
5266
311 (base 6) to base 8
163
Convert 329 (base 11) to base 7.
1102
-5249 (base 10) to base 13
-250a
-1917 (base 12) to base 2
-101111100011
What is -104c (base 16) in base 3?
-12201112
What is -111101111111010 (base 2) in base 7?
-161350
Convert 3698 (base 13) to base 11.
5898
What is -306 (base 8) in base 16?
-c6
Convert 1123022 (base 4) to base 13.
286a
Convert 203455 (base 6) to base 7.
65516
-5cc (base 15) to base 11
-a98
What is 19d (base 15) in base 13?
229
Convert 18380 (base 13) to base 11.
32139
-1000 (base 3) to base 2
-11011
1735 (base 10) to base 2
11011000111
-660 (base 11) to base 15
-37c
20103 (base 7) to base 10
4854
What is -131ac (base 14) in base 6?
-1001324
Convert -a59 (base 16) to base 12.
-1649
Convert 2123 (base 4) to base 12.
10b
What is -2062 (base 7) in base 4?
-23122
Convert 10476 (base 10) to base 16.
28ec
b348 (base 16) to base 15
d8eb
101100000111001 (base 2) to base 7
122563
b39 (base 12) to base 14
845
Convert -6cc (base 15) to base 11.
-1182
-b59 (base 15) to base 4
-213333
Convert 548a (base 12) to base 4.
2101222
-25106 (base 8) to base 10
-10822
Convert -10100021110 (base 3) to base 6.
-1224403
What is -101513 (base 6) in base 11?
-6168
Convert 380 (base 16) to base 6.
4052
What is -202121020 (base 3) in base 9?
-22536
1123 (base 15) to base 3
11222120
Convert -2724 (base 9) to base 14.
-a63
What is -1f0 (base 16) in base 3?
-200101
Convert 2350 (base 15) to base 4.
1311030
10200002 (base 3) to base 9
3602
Convert 24 (base 8) to base 11.
19
Convert -2875 (base 10) to base 6.
-21151
What is -154 (base 13) in base 3?
-22211
What is 11120022 (base 3) in base 16?
d01
14036 (base 8) to base 16
181e
What is 3b5 (base 14) in base 2?
1011101011
Convert -1284 (base 10) to base 15.
-5a9
-373 (base 13) to base 15
-2a1
What is -3a72 (base 12) in base 3?
-100012112
-130205 (base 6) to base 16
-2ddd
-2111 (base 13) to base 7
-16226
Convert -311103 (base 4) to base 2.
-110101010011
What is 12612 (base 7) in base 2?
110100111110
-101011 (base 5) to base 12
-1a74
-17302 (base 12) to base 2
-1000000111110010
What is 1000101011 (base 2) in base 10?
555
Convert -1cc0 (base 14) to base 2.
-1010010010000
Convert 257 (base 11) to base 9.
367
-3514 (base 11) to base 6
-33205
-101120 (base 4) to base 5
-13422
1523 (base 10) to base 2
10111110011
What is 6c1 (base 16) in base 8?
3301
Convert 2330322 (base 4) to base 8.
27472
187 (base 12) to base 8
367
Convert -1a10 (base 11) to base 5.
-40202
Convert -33220 (base 4) to base 10.
-1000
Convert -682 (base 15) to base 13.
-893
1432003 (base 5) to base 9
45444
Convert -1668 (base 10) to base 8.
-3204
-113121 (base 4) to base 11
-1141
What is 117 (base 13) in base 4?
2331
-45e4 (base 16) to base 13
-81b4
466065 (base 7) to base 2
10100011100011011
What is 7dca (base 14) in base 3?
1010002101
What is 1206 (base 10) in base 6?
5330
Convert 